)/2. Suppose b = 3*g - 5*g + 36. Suppose 5*f = 0, -4*f + g = 3*d - 3*f. What is the units digit of d?
6
Suppose -3*d = 4*l - 18, -7 = -3*d + d - l. Let i = d + -2. Suppose i*c - c = 2*h - 8, 0 = 2*c + h - 7. What is the units digit of c?
2
What is the units digit of (-148)/(-1)*(-5)/(-20)?
7
Let v(i) = -i + 12. Let n be v(9). Suppose 0 = -5*y - n - 2. What is the units digit of y/(-1*3/21)?
7
Let r be 2*1/(-2)*0. Suppose r*w + 116 = 4*w. Let x = w - 17. What is the tens digit of x?
1
Let u(v) = -v**3 + 10*v**2 - 7*v + 9. Let d be u(9). Suppose 0 = -r + w + d, 26 = 2*r - 2*w + 7*w. What is the tens digit of r?
2
Let w be (1/(-3))/(2/(-174)). Suppose 2*l - 4*u = -u + w, -5*l - 4*u = -107. Let j = l - 12. What is the units digit of j?
7
Let j(p) = 40*p - 2. What is the tens digit of j(2)?
7
Suppose -2*f + 19 = -21. Suppose -4*n + 5*q + f = 0, 45 - 5 = 2*n + 5*q. Suppose 2 = 4*d - n. What is the units digit of d?
3
Let w be (-4)/(-3)*9/6. Suppose -4*i - 28 = -w*f, 3*f + 4*i = 4*f - 20. What is the units digit of f?
8
What is the tens digit of 1*11 - 0/(-21)?
1
What is the units digit of ((-56)/(-4))/((-2)/(-3))?
1
Let z(i) be the first derivative of i**3/3 + i**2 + i - 1. Let r be z(-3). What is the units digit of (r - 2) + 1*5?
7
Suppose -c + 4*c = 15. Suppose 0 = -l - c*u - 19, 0*l = -2*l + 3*u + 27. What is the units digit of l?
6
Let d = -42 + 66. Suppose -3*z + d = z. What is the units digit of z?
6
Let v be -1 + 0 + 1*6. Suppose n + 1 = -v*w - 8, -4*n - 3*w + 49 = 0. What is the units digit of n?
6
Let r(n) = 11*n - 7. Let h be r(3). What is the tens digit of -3 + -1 + 1*h?
2
Let o = -99 - -197. What is the units digit of o?
8
Let u = 2 - 0. Suppose -2*i - 3*s + 11 = -u, 2*i - 4*s = -8. Suppose -4*k = 3*g - 25, 0*k - 5*g = -i*k - 7. What is the units digit of k?
4
Suppose 24 = -4*r + 4. Let w = r + 7. Suppose j - 5*z = 22, j - 2*j - w*z = -1. What is the units digit of j?
7
Suppose 0*w = 2*w. Let l(n) = n**2 + n + 5. Let a be l(w). Suppose -a*o + 21 = -39. What is the tens digit of o?
1
Let u = 5 + 2. Suppose -z - 4*i + 2*i - u = 0, 0 = 3*z - 4*i - 19. What is the units digit of z?
1
Let z(h) = 10*h - 1. Let w be z(1). Suppose -w = -3*t + 24. What is the units digit of t?
1
Suppose 11 - 8 = d. What is the units digit of (-10)/9*d*-3?
0
What is the hundreds digit of (-1 - (-238)/(-1))/((-5)/5)?
2
Let u(y) = y**2 + 4*y - 5. Let p be u(-5). Let j be 1/3*p - 0. Suppose j = -m + 15 - 6. What is the units digit of m?
9
Suppose 7*o - 3*o = 204. What is the tens digit of o?
5
Let c = 39 + -15. What is the tens digit of c?
2
Suppose -10 = -4*u + 2. Suppose -m - 3 - 1 = 3*n, 3*m = -u*n + 12. Suppose -4 = 4*y - m. What is the units digit of y?
1
What is the units digit of 12/32 + 229/8?
9
Let c = 8 + 4. Let o be (2 + c)*(-6)/(-7). Let d = 22 - o. What is the tens digit of d?
1
Suppose 4*w + 0*w - 168 = 0. Suppose 4*l = 7*l - w. What is the units digit of l?
4
Suppose 0 = -3*s + 3*p + 210, 103 = 4*s + 3*p - 198. What is the tens digit of s?
7
Suppose -3*m = -2*q + m - 28, 0 = -3*q + m - 52. Let g = -13 - q. What is the tens digit of (-62)/(-6) - g/15?
1
Suppose -40 = -3*l - t + 15, -2*l - 3*t = -32. Let s = -8 + l. What is the units digit of s?
1
Let n be (-4)/(-16)*4 - -74. Suppose 2*m = -3*m + n. What is the tens digit of m?
1
Suppose 5*d - 666 = 4*k, 0*k - 665 = -5*d + 5*k. What is the tens digit of d?
3
Suppose 5*x = 6*x - 16. Suppose m + x + 17 = 0. Let q = 51 + m. What is the units digit of q?
8
Let z = 156 - 61. What is the units digit of z?
5
Let v be (-8)/52 + (-9834)/(-39). Suppose 5*i + 3*k = v, -i - i = -5*k - 76. What is the tens digit of i?
4
Let c = 13 + -9. Suppose 5*i = 2*k + 2*k + 207, -c*k - 35 = -i. What is the units digit of i?
3
Suppose -3*o + 30 + 24 = 0. Suppose 3*p = 3*y - o, y + 3 = 5*y + 3*p. Suppose -2*z - j + 17 = 0, z + 3*z = y*j + 9. What is the units digit of z?
6
Let i(k) = -2*k + 1. Let d be 18/4*6/(-9). What is the units digit of i(d)?
7
Suppose -4*f = f - 15. Let p(r) = f + 0*r - r + 1 + 0. What is the tens digit of p(-6)?
1
Suppose 2*m = 2*a + 116, 6*a = -4*m + a + 223. What is the tens digit of m?
5
Suppose 6*o - 28 = 2*o. Suppose -o*q = -3*q - 12. Suppose -q*f + 72 = f. What is the units digit of f?
8
Suppose -36 = -2*q + 122. What is the tens digit of q?
7
Let c(r) = 4*r**2 + 3*r + 7. Let s be c(-4). Suppose s = k + 19. What is the tens digit of k?
4
Let b = 53 + -13. What is the tens digit of b?
4
Let u be (-292)/(-8) + (-1)/2. Suppose 32 = 4*f - u. What is the units digit of f?
7
Let v = -1 - -3. Suppose 3*p = 3*o - v*p + 3, -3*o - 5*p + 27 = 0. Suppose 0*u + z - o = -2*u, -2*u + 3*z = -20. What is the units digit of u?
4
Let i(s) = 33*s**2 + 3*s + 1. Let w(p) = 98*p**2 + 10*p + 3. Let b(f) = 7*i(f) - 2*w(f). What is the tens digit of b(-1)?
3
Let q = 2 + 5. What is the units digit of q?
7
Let l be 4/(-14) - (-132)/21. Let t(c) = -c**3 - 3*c - 6 - l*c**2 + 0*c + c. What is the units digit of t(-6)?
6
Suppose 1 = v - 0. Suppose 5*i - 4 = v. What is the units digit of i?
1
Let u(h) = -h**3 + 5*h**2 + 4. Let s(a) = a**3 - 9*a**2 + 2*a - 13. Let c be s(9). What is the units digit of u(c)?
4
Let b(g) = -83*g**3 + 17*g**2 - 11*g - 3. Let t(m) = -28*m**3 + 6*m**2 - 4*m - 1. Let r(v) = -4*b(v) + 11*t(v). What is the units digit of r(1)?
3
Suppose -36 - 6 = -3*j - 2*b, -2*j + 44 = -4*b. What is the units digit of j?
6
Let b = 0 - -1. What is the units digit of -10*(b - (0 + 2))?
0
Let z(l) = -2*l + 1. What is the units digit of z(-2)?
5
Suppose 4*v = 5*v - 4*t - 185, -3*t = -5*v + 959. What is the hundreds digit of v?
1
What is the tens digit of 24/(-16)*92/(-6)?
2
Let z be (-6)/3 + -1 + -1. Let u be 32/5 + (-4)/10. Let w = z + u. What is the units digit of w?
2
Suppose 2*g + 87 = 5*p, -5*g + 80 = -2*p + 7*p. What is the tens digit of p?
1
Let y = 1 - 4. Let p = 2 - y. Suppose z = p*z - 36. What is the units digit of z?
9
Let z be 1/((5/(-2))/(-5)). Suppose z*k - 42 = -0*k. What is the units digit of k?
1
Suppose 86 = 3*q - 637. What is the tens digit of q?
4
Suppose -d - 4*d + w + 71 = 0, -d + 35 = 5*w. Let t = 44 - d. What is the units digit of t?
9
Let f(b) = -b + 4. Let w be f(0). Suppose -w*z = -7 + 163. What is the units digit of z/(-6) + (-3)/(-6)?
7
Let z be (-32)/5 - 2/(-5). Let s = 9 + z. What is the units digit of (16/(-6))/((-1)/s)?
8
Let q be (0 + -2)/(2/(-10)). Let n be (6/(-15))/((-1)/(-5)). Let o = q + n. What is the units digit of o?
8
Suppose -4*z = -3*k - 48, -4*z = -3*z + 5*k - 12. What is the tens digit of z?
1
Let v = 80 - 41. Let t be 1/(-4) - v/(-12). Suppose -t = -3*j - 2*j - 3*x, 0 = -3*j + 2*x + 17. What is the units digit of j?
3
Let b(n) = n**3 + 6*n**2 - 3*n. What is the units digit of b(-5)?
0
Let a(i) = i**3 + 5*i**2 - 9*i - 2. Let w = -10 + 4. What is the units digit of a(w)?
6
Suppose 5*p = -2*s + 2*p + 36, -s + 2*p = -4. What is the tens digit of s?
1
Let w(t) = t**3 - 5*t**2 - 6*t + 2. Let k be w(6). Suppose 0 = -0*n - 4*n + 3*d + 69, k*d - 92 = -5*n. What is the units digit of n?
8
Let l(n) = -n**3 + 3*n**2 + 3*n - 2. Let d be l(3). Let v = -3 + d. What is the units digit of v?
4
Suppose 2*x + 3*x = 425. What is the tens digit of x?
8
Let x be 2 + 0 + -1 - 1. Let k be 1/(x - (-1)/9). Let z = -4 + k. What is the units digit of z?
5
Let q(o) = o**3 + 5*o**2 - 2*o. Let m be q(-3). Suppose z + 2*z = -m. Let x = z - -21. What is the units digit of x?
3
Let k be 15 + (1 - (1 - -1)). Let p = k + -4. What is the units digit of p?
0
Let g = -245 + 364. What is the units digit of g?
9
Let g be (-30)/(-8) - (-1)/4. Suppose g*p - 1 = 3. What is the units digit of -1 + (p - -8) + 1?
9
What is the units digit of 102*5*4/40?
1
Let f = 14 - 4. Suppose -2*l - 4*y - f = -0*l, -2*l - 2*y = 0. Suppose -5 = -l*q + 35. What is the units digit of q?
8
Let f(u) be the second derivative of u**4/12 - 7*u**3/6 + 2*u. Let d be f(7). Suppose d = 2*p - 4*p + 4. What is the units digit of p?
2
What is the tens digit of 2604/(-162)*-3 + 4/(-18)?
4
Suppose 0 = -3*m + 7 + 17. Let k(f) = 4*f + 11. Let g be k(-4). Let p = m - g. What is the units digit of p?
3
Let x(u) = -u**2 + 8*u + 2. What is the units digit of x(6)?
4
Let t be 8 + (0 - (-2)/(-1)). Suppose 10 = x - 3*v, -2*v + t = 2. Let a = -11 + x. What is the